{"id":96,"date":"2023-01-07T21:55:12","date_gmt":"2023-01-07T21:55:12","guid":{"rendered":"https:\/\/dev.danielagueller.ch\/?page_id=96"},"modified":"2023-01-07T21:55:12","modified_gmt":"2023-01-07T21:55:12","slug":"altes","status":"publish","type":"page","link":"https:\/\/danielagueller.ch\/?page_id=96","title":{"rendered":"Altes"},"content":{"rendered":"\n<p>Hier ein paar Beitr\u00e4ge und Impressionen aus meinem Wahlkampf 2019.<\/p>\n\n\n\n<div class=\"wp-elements-7ea5b7251bb839bda11096b35db193f3 wp-block-media-text alignfull has-media-on-the-right is-stacked-on-mobile is-vertically-aligned-top has-text-color has-background has-link-color\" style=\"color:#fffdc7;background-color:#121c1c;grid-template-columns:auto 60%\"><div class=\"wp-block-media-text__content\">\n<header class=\"entry-header\">\n<p>\u00a0<\/p>\n<\/header>\n\n\n\n<h2>Wie hat alles begonnen ?<\/h2>\n<\/div><figure class=\"wp-block-media-text__media\"><img decoding=\"async\" loading=\"lazy\" width=\"910\" height=\"1024\" src=\"https:\/\/danielagueller.ch\/wp-content\/uploads\/2022\/11\/Daniela_Gueller_Web-klein-910x1024.jpg\" alt=\"\" class=\"wp-image-10 size-full\" srcset=\"https:\/\/danielagueller.ch\/wp-content\/uploads\/2022\/11\/Daniela_Gueller_Web-klein-910x1024.jpg 910w, https:\/\/danielagueller.ch\/wp-content\/uploads\/2022\/11\/Daniela_Gueller_Web-klein-267x300.jpg 267w, https:\/\/danielagueller.ch\/wp-content\/uploads\/2022\/11\/Daniela_Gueller_Web-klein-768x865.jpg 768w, https:\/\/danielagueller.ch\/wp-content\/uploads\/2022\/11\/Daniela_Gueller_Web-klein.jpg 931w\" sizes=\"(max-width: 910px) 100vw, 910px\" \/><\/figure><\/div>\n\n\n\n<h2>Warum ich kandidiere <\/h2>\n\n\n\n<pre class=\"wp-block-verse\">19.1.2019, Daniela G\u00fcller<\/pre>\n\n\n<p>Geboren in Winterthur, aufgewachsen im Z\u00fcrcher Oberland und schon seit mehr als 8 Jahren wohnhaft im sch\u00f6nen H\u00f6ngg an der Limmat. So l\u00e4sst sich der Weg nach Z\u00fcrich abgek\u00fcrzt erkl\u00e4ren.\u00a0Der Weg als GLP Kandidatin f\u00fcr Gemeinderat 2018 und jetzt Kantonsrats-Kandidatin 2019 ist ebenfalls kurz, da ich erst im 2017 der GLP beigetreten bin.<\/p>\n<p>Mein Entscheid zu einem politischen Beitrag kam nach einem Unfall. Im M\u00e4rz 2017 bin ich in Gr\u00f6nland beim Schneeschuhlaufen ausgerutscht und habe mir den Kn\u00f6chel ungeschickt gebrochen. Der Heimweg war lang (mit Helikopter und 3 verschiedenen Fl\u00fcgen) und der Aufenthalt im Spital war auch nicht k\u00fcrzer. Mit Aussicht auf den Z\u00fcrichsee, noch im Spitalbett, hatte ich mich entschieden etwas f\u00fcr unsere Stadt und unsere Gemeinschaft zu tun und bin gleich online der GLP beigetreten.<\/p>\n<p>Drei Monate sp\u00e4ter, ohne Gips aber immer noch humpelnd, habe ich meiner ersten Vorstandssitzung des Kreises 6 &amp; 10 beigewohnt. Dies erwies sich als sehr spannend und sogar mit Gastkommentar \u00fcber unsere Wasserwerke und Energiepolitik! Ich wurde herzlich empfangen und f\u00fchlte mich gleich wohl mit neuen interessanten Leuten zu diskutieren und Gleichgesinnte zu treffen. Dies erm\u00f6glichte es des Kreisvorstand mich gleich f\u00fcr die Gemeinderatswahlen f\u00fcr den M\u00e4rz 2018 zu akquirieren. Ich wusste nat\u00fcrlich erst nicht auf was ich mich einlasse, aber wenn dann gleich richtig, oder? Und warum sonst bin ich denn beigetreten? Ein Besuch beim Gemeinderat lies mich den demokratischen Einsatzort beschnuppern und motivierte mich zus\u00e4tzlich.<\/p>\n<p>Ich suchte nach einer neuen Herausforderung und Erfahrungsbereicherung und habe sie gefunden. Denn schon ein solcher lokaler Wahlkampf ist ein Erlebnis. Ich kann einen Beitritt in eine Partei nur empfehlen. Am Besten nat\u00fcrlich bei den Gr\u00fcnliberalen<span class=\"Apple-converted-space\">\u00a0 <\/span>Man findet Gleichgesinnte und jeder kann nach seinen St\u00e4rken mitmachen und zum Erfolg beitragen!<\/p>\n\n\n<hr class=\"wp-block-separator has-alpha-channel-opacity\"\/>\n\n\n\n<h2>Ist Politik nicht voll langweilig?<\/h2>\n\n\n\n<figure class=\"wp-block-embed is-type-video is-provider-youtube wp-block-embed-youtube wp-embed-aspect-16-9 wp-has-aspect-ratio\"><div class=\"wp-block-embed__wrapper\">\n<div class=\"nv-iframe-embed\"><iframe loading=\"lazy\" title=\"So isch Z\u00fcri\" width=\"1200\" height=\"675\" src=\"https:\/\/www.youtube.com\/embed\/vg7ck_FYiPI?feature=oembed\" frameborder=\"0\" allow=\"accelerometer; autoplay; clipboard-write; encrypted-media; gyroscope; picture-in-picture; web-share\" allowfullscreen><\/iframe><\/div>\n<\/div><figcaption class=\"wp-element-caption\">Wahlkampfvideo 2019<\/figcaption><\/figure>\n\n\n\n<hr class=\"wp-block-separator has-alpha-channel-opacity\"\/>\n\n\n\n<h2>GLP Stadt Z\u00fcrich: Frauenkampagne 2018 <\/h2>\n\n\n\n<div class=\"wp-block-media-text alignwide is-stacked-on-mobile\"><figure class=\"wp-block-media-text__media\"><img decoding=\"async\" loading=\"lazy\" width=\"1024\" height=\"594\" src=\"https:\/\/danielagueller.ch\/wp-content\/uploads\/2023\/01\/ed3e1ca0-2ed7-43fb-b9dd-a9f194ec3962-1024x594.jpg\" alt=\"\" class=\"wp-image-124 size-full\" srcset=\"https:\/\/danielagueller.ch\/wp-content\/uploads\/2023\/01\/ed3e1ca0-2ed7-43fb-b9dd-a9f194ec3962-1024x594.jpg 1024w, https:\/\/danielagueller.ch\/wp-content\/uploads\/2023\/01\/ed3e1ca0-2ed7-43fb-b9dd-a9f194ec3962-300x174.jpg 300w, https:\/\/danielagueller.ch\/wp-content\/uploads\/2023\/01\/ed3e1ca0-2ed7-43fb-b9dd-a9f194ec3962-768x446.jpg 768w, https:\/\/danielagueller.ch\/wp-content\/uploads\/2023\/01\/ed3e1ca0-2ed7-43fb-b9dd-a9f194ec3962.jpg 1427w\" sizes=\"(max-width: 1024px) 100vw, 1024px\" \/><\/figure><div class=\"wp-block-media-text__content\">\n<p>Wegweisend und grosser Impact. Fast alle auf diesem Plakat haben heute ein Mandat als Gemeinder\u00e4tin, Kantonsr\u00e4tin oder sind schon Nationalr\u00e4tinnen. Wir brauchen noch viel mehr Frauen in der Politik. Wir sind immer noch in der Minderheit.<\/p>\n<\/div><\/div>\n","protected":false},"excerpt":{"rendered":"<p>Hier ein paar Beitr\u00e4ge und Impressionen aus meinem Wahlkampf 2019. \u00a0 Wie hat alles begonnen ? Warum ich kandidiere 19.1.2019, Daniela G\u00fcller Geboren in Winterthur, aufgewachsen im Z\u00fcrcher Oberland und schon seit mehr als 8 Jahren wohnhaft im sch\u00f6nen H\u00f6ngg an der Limmat. So l\u00e4sst sich der Weg nach Z\u00fcrich abgek\u00fcrzt erkl\u00e4ren.\u00a0Der Weg als GLP&hellip;&nbsp;<a href=\"https:\/\/danielagueller.ch\/?page_id=96\" class=\"\" rel=\"bookmark\">Weiterlesen &raquo;<span class=\"screen-reader-text\">Altes<\/span><\/a><\/p>\n","protected":false},"author":1,"featured_media":0,"parent":0,"menu_order":0,"comment_status":"closed","ping_status":"closed","template":"","meta":{"neve_meta_sidebar":"","neve_meta_container":"","neve_meta_enable_content_width":"","neve_meta_content_width":0,"neve_meta_title_alignment":"","neve_meta_author_avatar":"","neve_post_elements_order":"","neve_meta_disable_header":"","neve_meta_disable_footer":"","neve_meta_disable_title":""},"_links":{"self":[{"href":"https:\/\/danielagueller.ch\/index.php?rest_route=\/wp\/v2\/pages\/96"}],"collection":[{"href":"https:\/\/danielagueller.ch\/index.php?rest_route=\/wp\/v2\/pages"}],"about":[{"href":"https:\/\/danielagueller.ch\/index.php?rest_route=\/wp\/v2\/types\/page"}],"author":[{"embeddable":true,"href":"https:\/\/danielagueller.ch\/index.php?rest_route=\/wp\/v2\/users\/1"}],"replies":[{"embeddable":true,"href":"https:\/\/danielagueller.ch\/index.php?rest_route=%2Fwp%2Fv2%2Fcomments&post=96"}],"version-history":[{"count":2,"href":"https:\/\/danielagueller.ch\/index.php?rest_route=\/wp\/v2\/pages\/96\/revisions"}],"predecessor-version":[{"id":125,"href":"https:\/\/danielagueller.ch\/index.php?rest_route=\/wp\/v2\/pages\/96\/revisions\/125"}],"wp:attachment":[{"href":"https:\/\/danielagueller.ch\/index.php?rest_route=%2Fwp%2Fv2%2Fmedia&parent=96"}],"curies":[{"name":"wp","href":"https:\/\/api.w.org\/{rel}","templated":true}]}}