{"id":22,"date":"2022-11-28T09:57:55","date_gmt":"2022-11-28T09:57:55","guid":{"rendered":"https:\/\/dev.danielagueller.ch\/?page_id=22"},"modified":"2023-01-16T08:15:36","modified_gmt":"2023-01-16T08:15:36","slug":"portofolio","status":"publish","type":"page","link":"https:\/\/danielagueller.ch\/?page_id=22","title":{"rendered":"Impressionen"},"content":{"rendered":"\n<div class=\"wp-block-cover alignfull\" style=\"min-height:300px\"><span aria-hidden=\"true\" class=\"wp-block-cover__background has-nv-site-bg-background-color has-background-dim-100 has-background-dim\"><\/span><div class=\"wp-block-cover__inner-container\">\n<h1 class=\"has-text-align-left has-neve-text-color-color has-text-color\">Impressionen<\/h1>\n<\/div><\/div>\n\n\n\n<div class=\"wp-block-cover alignfull\" style=\"min-height:600px\"><span aria-hidden=\"true\" class=\"wp-block-cover__background has-nv-light-bg-background-color has-background-dim-100 has-background-dim\"><\/span><div class=\"wp-block-cover__inner-container\">\n<div class=\"is-layout-flow wp-block-group\"><div class=\"wp-block-group__inner-container\">\n<div style=\"height:80px\" aria-hidden=\"true\" class=\"wp-block-spacer\"><\/div>\n\n\n\n<div class=\"is-layout-flex wp-container-4 wp-block-columns are-vertically-aligned-center\">\n<div class=\"is-layout-flow wp-block-column is-vertically-aligned-center\" style=\"flex-basis:50%\">\n<figure class=\"wp-block-image size-full\"><img decoding=\"async\" loading=\"lazy\" width=\"792\" height=\"632\" src=\"https:\/\/danielagueller.ch\/wp-content\/uploads\/2023\/01\/PNG-image.png\" alt=\"\" class=\"wp-image-141\" srcset=\"https:\/\/danielagueller.ch\/wp-content\/uploads\/2023\/01\/PNG-image.png 792w, https:\/\/danielagueller.ch\/wp-content\/uploads\/2023\/01\/PNG-image-300x239.png 300w, https:\/\/danielagueller.ch\/wp-content\/uploads\/2023\/01\/PNG-image-768x613.png 768w\" sizes=\"(max-width: 792px) 100vw, 792px\" \/><\/figure>\n\n\n\n<h3 class=\"has-text-align-center has-neve-text-color-color has-text-color\">Baustelle Volksschule<\/h3>\n\n\n\n<p class=\"has-text-align-center has-neve-text-color-color has-text-color\">Mein Artikel und Beitrag in der Wipkinger Zeitung <\/p>\n\n\n\n<div class=\"is-content-justification-center is-layout-flex wp-container-1 wp-block-buttons\">\n<div class=\"wp-block-button is-style-primary\"><a class=\"wp-block-button__link wp-element-button\" href=\"#\" target=\"_blank\" rel=\"noreferrer noopener\">WIPKINGER<\/a><\/div>\n<\/div>\n\n\n\n<div style=\"height:40px\" aria-hidden=\"true\" class=\"wp-block-spacer\"><\/div>\n<\/div>\n\n\n\n<div class=\"is-layout-flow wp-block-column is-vertically-aligned-center\" style=\"flex-basis:50%\">\n<figure class=\"wp-block-image size-large\"><img decoding=\"async\" loading=\"lazy\" width=\"768\" height=\"1024\" src=\"https:\/\/danielagueller.ch\/wp-content\/uploads\/2023\/01\/IMG_5038-768x1024.jpg\" alt=\"\" class=\"wp-image-142\" srcset=\"https:\/\/danielagueller.ch\/wp-content\/uploads\/2023\/01\/IMG_5038-768x1024.jpg 768w, https:\/\/danielagueller.ch\/wp-content\/uploads\/2023\/01\/IMG_5038-225x300.jpg 225w, https:\/\/danielagueller.ch\/wp-content\/uploads\/2023\/01\/IMG_5038-1152x1536.jpg 1152w, https:\/\/danielagueller.ch\/wp-content\/uploads\/2023\/01\/IMG_5038-1536x2048.jpg 1536w, https:\/\/danielagueller.ch\/wp-content\/uploads\/2023\/01\/IMG_5038-scaled.jpg 1920w\" sizes=\"(max-width: 768px) 100vw, 768px\" \/><\/figure>\n\n\n\n<h3 class=\"has-text-align-center has-neve-text-color-color has-text-color\">Feuerwehr<\/h3>\n\n\n\n<p class=\"has-text-align-center has-neve-text-color-color has-text-color\">Hier bei der Jubil\u00e4umsfeier \u00ab50 Jahre Ausbildungszentrum Andelfingen\u00bb<\/p>\n\n\n\n<div style=\"height:40px\" aria-hidden=\"true\" class=\"wp-block-spacer\"><\/div>\n<\/div>\n<\/div>\n\n\n\n<div style=\"height:40px\" aria-hidden=\"true\" class=\"wp-block-spacer\"><\/div>\n<\/div><\/div>\n<\/div><\/div>\n\n\n\n<div class=\"wp-block-cover alignfull\" style=\"min-height:1249px\"><span aria-hidden=\"true\" class=\"wp-block-cover__background has-nv-site-bg-background-color has-background-dim-100 has-background-dim\"><\/span><div class=\"wp-block-cover__inner-container\">\n<div class=\"is-layout-flow wp-block-group\"><div class=\"wp-block-group__inner-container\">\n<div style=\"height:80px\" aria-hidden=\"true\" class=\"wp-block-spacer\"><\/div>\n\n\n\n<div class=\"is-layout-flex wp-container-9 wp-block-columns are-vertically-aligned-center\">\n<div class=\"is-layout-flow wp-block-column is-vertically-aligned-center\" style=\"flex-basis:50%\">\n<figure class=\"wp-block-image size-large\"><img decoding=\"async\" loading=\"lazy\" width=\"1024\" height=\"768\" src=\"https:\/\/danielagueller.ch\/wp-content\/uploads\/2023\/01\/IMG_6051-1024x768.jpg\" alt=\"\" class=\"wp-image-143\" srcset=\"https:\/\/danielagueller.ch\/wp-content\/uploads\/2023\/01\/IMG_6051-1024x768.jpg 1024w, https:\/\/danielagueller.ch\/wp-content\/uploads\/2023\/01\/IMG_6051-300x225.jpg 300w, https:\/\/danielagueller.ch\/wp-content\/uploads\/2023\/01\/IMG_6051-768x576.jpg 768w, https:\/\/danielagueller.ch\/wp-content\/uploads\/2023\/01\/IMG_6051-1536x1152.jpg 1536w, https:\/\/danielagueller.ch\/wp-content\/uploads\/2023\/01\/IMG_6051-2048x1536.jpg 2048w\" sizes=\"(max-width: 1024px) 100vw, 1024px\" \/><\/figure>\n\n\n\n<h3 class=\"has-text-align-center has-neve-text-color-color has-text-color\">Kommissionsreise<\/h3>\n\n\n\n<p class=\"has-text-align-center has-neve-text-color-color has-text-color\">Hier auf Besuch im Berner Grossrat und unserer Schwester-Kommission der Justiz- und Sicherheit <\/p>\n\n\n\n<div style=\"height:40px\" aria-hidden=\"true\" class=\"wp-block-spacer\"><\/div>\n<\/div>\n\n\n\n<div class=\"is-layout-flow wp-block-column is-vertically-aligned-center\" style=\"flex-basis:50%\">\n<figure class=\"wp-block-image size-large\"><img decoding=\"async\" loading=\"lazy\" width=\"768\" height=\"1024\" src=\"https:\/\/danielagueller.ch\/wp-content\/uploads\/2023\/01\/IMG_3944-768x1024.jpg\" alt=\"\" class=\"wp-image-144\" srcset=\"https:\/\/danielagueller.ch\/wp-content\/uploads\/2023\/01\/IMG_3944-768x1024.jpg 768w, https:\/\/danielagueller.ch\/wp-content\/uploads\/2023\/01\/IMG_3944-225x300.jpg 225w, https:\/\/danielagueller.ch\/wp-content\/uploads\/2023\/01\/IMG_3944-1152x1536.jpg 1152w, https:\/\/danielagueller.ch\/wp-content\/uploads\/2023\/01\/IMG_3944-1536x2048.jpg 1536w, https:\/\/danielagueller.ch\/wp-content\/uploads\/2023\/01\/IMG_3944-scaled.jpg 1920w\" sizes=\"(max-width: 768px) 100vw, 768px\" \/><\/figure>\n\n\n\n<h3 class=\"has-text-align-center has-neve-text-color-color has-text-color\">Oberstrassm\u00e4rt<\/h3>\n\n\n\n<p class=\"has-text-align-center has-neve-text-color-color has-text-color\">Kreispartei am Oberstrassm\u00e4rt, nach getaner Arbeit erst ein Bier;) Ausgeschenkt wurde bei uns nur frische Apfelschorle<\/p>\n\n\n\n<div class=\"is-content-justification-center is-layout-flex wp-container-7 wp-block-buttons\"><\/div>\n\n\n\n<div style=\"height:40px\" aria-hidden=\"true\" class=\"wp-block-spacer\"><\/div>\n<\/div>\n<\/div>\n\n\n\n<div style=\"height:40px\" aria-hidden=\"true\" class=\"wp-block-spacer\"><\/div>\n<\/div><\/div>\n<\/div><\/div>\n\n\n\n<div class=\"wp-block-cover alignfull\" style=\"min-height:300px\"><span aria-hidden=\"true\" class=\"wp-block-cover__background has-nv-dark-bg-background-color has-background-dim-100 has-background-dim\"><\/span><div class=\"wp-block-cover__inner-container\">\n<div style=\"height:80px\" aria-hidden=\"true\" class=\"wp-block-spacer\"><\/div>\n\n\n\n<div class=\"wp-block-cover alignfull\" style=\"min-height:300px\"><span aria-hidden=\"true\" class=\"wp-block-cover__background has-nv-dark-bg-background-color has-background-dim-100 has-background-dim\"><\/span><div class=\"wp-block-cover__inner-container\">\n<div class=\"is-layout-flex wp-container-13 wp-block-columns\">\n<div class=\"is-layout-flow wp-block-column\">\n<figure class=\"wp-block-image size-large\"><img decoding=\"async\" loading=\"lazy\" width=\"1024\" height=\"683\" src=\"https:\/\/danielagueller.ch\/wp-content\/uploads\/2023\/01\/Emilija-Eric_GLP_web-1024x683.jpg\" alt=\"\" class=\"wp-image-145\" srcset=\"https:\/\/danielagueller.ch\/wp-content\/uploads\/2023\/01\/Emilija-Eric_GLP_web-1024x683.jpg 1024w, https:\/\/danielagueller.ch\/wp-content\/uploads\/2023\/01\/Emilija-Eric_GLP_web-300x200.jpg 300w, https:\/\/danielagueller.ch\/wp-content\/uploads\/2023\/01\/Emilija-Eric_GLP_web-768x512.jpg 768w, https:\/\/danielagueller.ch\/wp-content\/uploads\/2023\/01\/Emilija-Eric_GLP_web-1536x1024.jpg 1536w, https:\/\/danielagueller.ch\/wp-content\/uploads\/2023\/01\/Emilija-Eric_GLP_web-2048x1365.jpg 2048w, https:\/\/danielagueller.ch\/wp-content\/uploads\/2023\/01\/Emilija-Eric_GLP_web-930x620.jpg 930w\" sizes=\"(max-width: 1024px) 100vw, 1024px\" \/><figcaption class=\"wp-element-caption\">Emilija Eri\u0107&nbsp;\/ Co-Pr\u00e4sidentin glp Kreis 6+10<\/figcaption><\/figure>\n<\/div>\n\n\n\n<div class=\"is-layout-flow wp-block-column\">\n<h5><br><\/h5>\n\n\n\n<p>\u201cDaniela&nbsp;ist eine&nbsp;\u00fcberaus engagierte&nbsp;und stets l\u00f6sungsorientierte Politikerin. Durch ihr Engagement f\u00fcr mehr Frauen in der Z\u00fcrcher Politik genoss ich als Politneuling grosse Unterst\u00fctzung Ihrerseits \u2013 Herzlichen Dank Daniela!\u201c<\/p>\n<\/div>\n<\/div>\n<\/div><\/div>\n\n\n\n<div style=\"height:80px\" aria-hidden=\"true\" class=\"wp-block-spacer\"><\/div>\n<\/div><\/div>\n","protected":false},"excerpt":{"rendered":"","protected":false},"author":1,"featured_media":0,"parent":0,"menu_order":0,"comment_status":"closed","ping_status":"closed","template":"","meta":{"neve_meta_sidebar":"","neve_meta_container":"","neve_meta_enable_content_width":"on","neve_meta_content_width":100,"neve_meta_title_alignment":"","neve_meta_author_avatar":"","neve_post_elements_order":"","neve_meta_disable_header":"","neve_meta_disable_footer":"","neve_meta_disable_title":"on"},"_links":{"self":[{"href":"https:\/\/danielagueller.ch\/index.php?rest_route=\/wp\/v2\/pages\/22"}],"collection":[{"href":"https:\/\/danielagueller.ch\/index.php?rest_route=\/wp\/v2\/pages"}],"about":[{"href":"https:\/\/danielagueller.ch\/index.php?rest_route=\/wp\/v2\/types\/page"}],"author":[{"embeddable":true,"href":"https:\/\/danielagueller.ch\/index.php?rest_route=\/wp\/v2\/users\/1"}],"replies":[{"embeddable":true,"href":"https:\/\/danielagueller.ch\/index.php?rest_route=%2Fwp%2Fv2%2Fcomments&post=22"}],"version-history":[{"count":6,"href":"https:\/\/danielagueller.ch\/index.php?rest_route=\/wp\/v2\/pages\/22\/revisions"}],"predecessor-version":[{"id":180,"href":"https:\/\/danielagueller.ch\/index.php?rest_route=\/wp\/v2\/pages\/22\/revisions\/180"}],"wp:attachment":[{"href":"https:\/\/danielagueller.ch\/index.php?rest_route=%2Fwp%2Fv2%2Fmedia&parent=22"}],"curies":[{"name":"wp","href":"https:\/\/api.w.org\/{rel}","templated":true}]}}

<div class="wp-block-cover alignfull" style="min-height:300px"><span aria-hidden="true" class="wp-block-cover__background has-nv-site-bg-background-color has-background-dim-100 has-background-dim"></span><div class="wp-block-cover__inner-container">
<h1 class="has-text-align-left has-neve-text-color-color has-text-color">Impressionen</h1>
</div></div>



<div class="wp-block-cover alignfull" style="min-height:600px"><span aria-hidden="true" class="wp-block-cover__background has-nv-light-bg-background-color has-background-dim-100 has-background-dim"></span><div class="wp-block-cover__inner-container">
<div class="is-layout-flow wp-block-group"><div class="wp-block-group__inner-container">
<div style="height:80px" aria-hidden="true" class="wp-block-spacer"></div>



<div class="is-layout-flex wp-container-4 wp-block-columns are-vertically-aligned-center">
<div class="is-layout-flow wp-block-column is-vertically-aligned-center" style="flex-basis:50%">
<figure class="wp-block-image size-full"><img decoding="async" loading="lazy" width="792" height="632" src="https://danielagueller.ch/wp-content/uploads/2023/01/PNG-image.png" alt="" class="wp-image-141" srcset="https://danielagueller.ch/wp-content/uploads/2023/01/PNG-image.png 792w, https://danielagueller.ch/wp-content/uploads/2023/01/PNG-image-300x239.png 300w, https://danielagueller.ch/wp-content/uploads/2023/01/PNG-image-768x613.png 768w" sizes="(max-width: 792px) 100vw, 792px" /></figure>



<h3 class="has-text-align-center has-neve-text-color-color has-text-color">Baustelle Volksschule</h3>



<p class="has-text-align-center has-neve-text-color-color has-text-color">Mein Artikel und Beitrag in der Wipkinger Zeitung </p>



<div class="is-content-justification-center is-layout-flex wp-container-1 wp-block-buttons">
<div class="wp-block-button is-style-primary"><a class="wp-block-button__link wp-element-button" href="#" target="_blank" rel="noreferrer noopener">WIPKINGER</a></div>
</div>



<div style="height:40px" aria-hidden="true" class="wp-block-spacer"></div>
</div>



<div class="is-layout-flow wp-block-column is-vertically-aligned-center" style="flex-basis:50%">
<figure class="wp-block-image size-large"><img decoding="async" loading="lazy" width="768" height="1024" src="https://danielagueller.ch/wp-content/uploads/2023/01/IMG_5038-768x1024.jpg" alt="" class="wp-image-142" srcset="https://danielagueller.ch/wp-content/uploads/2023/01/IMG_5038-768x1024.jpg 768w, https://danielagueller.ch/wp-content/uploads/2023/01/IMG_5038-225x300.jpg 225w, https://danielagueller.ch/wp-content/uploads/2023/01/IMG_5038-1152x1536.jpg 1152w, https://danielagueller.ch/wp-content/uploads/2023/01/IMG_5038-1536x2048.jpg 1536w, https://danielagueller.ch/wp-content/uploads/2023/01/IMG_5038-scaled.jpg 1920w" sizes="(max-width: 768px) 100vw, 768px" /></figure>



<h3 class="has-text-align-center has-neve-text-color-color has-text-color">Feuerwehr</h3>



<p class="has-text-align-center has-neve-text-color-color has-text-color">Hier bei der Jubiläumsfeier «50 Jahre Ausbildungszentrum Andelfingen»</p>



<div style="height:40px" aria-hidden="true" class="wp-block-spacer"></div>
</div>
</div>



<div style="height:40px" aria-hidden="true" class="wp-block-spacer"></div>
</div></div>
</div></div>



<div class="wp-block-cover alignfull" style="min-height:1249px"><span aria-hidden="true" class="wp-block-cover__background has-nv-site-bg-background-color has-background-dim-100 has-background-dim"></span><div class="wp-block-cover__inner-container">
<div class="is-layout-flow wp-block-group"><div class="wp-block-group__inner-container">
<div style="height:80px" aria-hidden="true" class="wp-block-spacer"></div>



<div class="is-layout-flex wp-container-9 wp-block-columns are-vertically-aligned-center">
<div class="is-layout-flow wp-block-column is-vertically-aligned-center" style="flex-basis:50%">
<figure class="wp-block-image size-large"><img decoding="async" loading="lazy" width="1024" height="768" src="https://danielagueller.ch/wp-content/uploads/2023/01/IMG_6051-1024x768.jpg" alt="" class="wp-image-143" srcset="https://danielagueller.ch/wp-content/uploads/2023/01/IMG_6051-1024x768.jpg 1024w, https://danielagueller.ch/wp-content/uploads/2023/01/IMG_6051-300x225.jpg 300w, https://danielagueller.ch/wp-content/uploads/2023/01/IMG_6051-768x576.jpg 768w, https://danielagueller.ch/wp-content/uploads/2023/01/IMG_6051-1536x1152.jpg 1536w, https://danielagueller.ch/wp-content/uploads/2023/01/IMG_6051-2048x1536.jpg 2048w" sizes="(max-width: 1024px) 100vw, 1024px" /></figure>



<h3 class="has-text-align-center has-neve-text-color-color has-text-color">Kommissionsreise</h3>



<p class="has-text-align-center has-neve-text-color-color has-text-color">Hier auf Besuch im Berner Grossrat und unserer Schwester-Kommission der Justiz- und Sicherheit </p>



<div style="height:40px" aria-hidden="true" class="wp-block-spacer"></div>
</div>



<div class="is-layout-flow wp-block-column is-vertically-aligned-center" style="flex-basis:50%">
<figure class="wp-block-image size-large"><img decoding="async" loading="lazy" width="768" height="1024" src="https://danielagueller.ch/wp-content/uploads/2023/01/IMG_3944-768x1024.jpg" alt="" class="wp-image-144" srcset="https://danielagueller.ch/wp-content/uploads/2023/01/IMG_3944-768x1024.jpg 768w, https://danielagueller.ch/wp-content/uploads/2023/01/IMG_3944-225x300.jpg 225w, https://danielagueller.ch/wp-content/uploads/2023/01/IMG_3944-1152x1536.jpg 1152w, https://danielagueller.ch/wp-content/uploads/2023/01/IMG_3944-1536x2048.jpg 1536w, https://danielagueller.ch/wp-content/uploads/2023/01/IMG_3944-scaled.jpg 1920w" sizes="(max-width: 768px) 100vw, 768px" /></figure>



<h3 class="has-text-align-center has-neve-text-color-color has-text-color">Oberstrassmärt</h3>



<p class="has-text-align-center has-neve-text-color-color has-text-color">Kreispartei am Oberstrassmärt, nach getaner Arbeit erst ein Bier;) Ausgeschenkt wurde bei uns nur frische Apfelschorle</p>



<div class="is-content-justification-center is-layout-flex wp-container-7 wp-block-buttons"></div>



<div style="height:40px" aria-hidden="true" class="wp-block-spacer"></div>
</div>
</div>



<div style="height:40px" aria-hidden="true" class="wp-block-spacer"></div>
</div></div>
</div></div>



<div class="wp-block-cover alignfull" style="min-height:300px"><span aria-hidden="true" class="wp-block-cover__background has-nv-dark-bg-background-color has-background-dim-100 has-background-dim"></span><div class="wp-block-cover__inner-container">
<div style="height:80px" aria-hidden="true" class="wp-block-spacer"></div>



<div class="wp-block-cover alignfull" style="min-height:300px"><span aria-hidden="true" class="wp-block-cover__background has-nv-dark-bg-background-color has-background-dim-100 has-background-dim"></span><div class="wp-block-cover__inner-container">
<div class="is-layout-flex wp-container-13 wp-block-columns">
<div class="is-layout-flow wp-block-column">
<figure class="wp-block-image size-large"><img decoding="async" loading="lazy" width="1024" height="683" src="https://danielagueller.ch/wp-content/uploads/2023/01/Emilija-Eric_GLP_web-1024x683.jpg" alt="" class="wp-image-145" srcset="https://danielagueller.ch/wp-content/uploads/2023/01/Emilija-Eric_GLP_web-1024x683.jpg 1024w, https://danielagueller.ch/wp-content/uploads/2023/01/Emilija-Eric_GLP_web-300x200.jpg 300w, https://danielagueller.ch/wp-content/uploads/2023/01/Emilija-Eric_GLP_web-768x512.jpg 768w, https://danielagueller.ch/wp-content/uploads/2023/01/Emilija-Eric_GLP_web-1536x1024.jpg 1536w, https://danielagueller.ch/wp-content/uploads/2023/01/Emilija-Eric_GLP_web-2048x1365.jpg 2048w, https://danielagueller.ch/wp-content/uploads/2023/01/Emilija-Eric_GLP_web-930x620.jpg 930w" sizes="(max-width: 1024px) 100vw, 1024px" /><figcaption class="wp-element-caption">Emilija Erić&nbsp;/ Co-Präsidentin glp Kreis 6+10</figcaption></figure>
</div>



<div class="is-layout-flow wp-block-column">
<h5><br></h5>



<p>“Daniela&nbsp;ist eine&nbsp;überaus engagierte&nbsp;und stets lösungsorientierte Politikerin. Durch ihr Engagement für mehr Frauen in der Zürcher Politik genoss ich als Politneuling grosse Unterstützung Ihrerseits – Herzlichen Dank Daniela!“</p>
</div>
</div>
</div></div>



<div style="height:80px" aria-hidden="true" class="wp-block-spacer"></div>
</div></div>
